{"id":19,"date":"2018-09-01T14:16:25","date_gmt":"2018-09-01T12:16:25","guid":{"rendered":"http:\/\/viveret.pro\/?page_id=19"},"modified":"2022-03-24T09:01:13","modified_gmt":"2022-03-24T08:01:13","slug":"blog","status":"publish","type":"page","link":"https:\/\/viveret.pro\/index.php\/blog\/","title":{"rendered":"Blog"},"content":{"rendered":"\n<p><\/p>\n\n\n\n<p><\/p>\n\n\n\n<p>\u2022 H\u00e9bergement<br>OVH<br>2 rue Kellermann<br>59100 ROUBAIX<br>htt:\/\/www.ovh.com<\/p>\n\n\n\n<p>\u2022 Identification TVA : FR 0E 342209640<\/p>\n\n\n\n<p>\u2022 Donn\u00e9es personnelles : aucune donn\u00e9e personnelle n&rsquo;est g\u00e9r\u00e9e sur ce site<\/p>\n","protected":false},"excerpt":{"rendered":"<p>\u2022 H\u00e9bergementOVH2 rue Kellermann59100 ROUBAIXhtt:\/\/www.ovh.com \u2022 Identification TVA : FR 0E 342209640 \u2022 Donn\u00e9es personnelles : aucune donn\u00e9e personnelle n&rsquo;est g\u00e9r\u00e9e sur ce site<\/p>\n","protected":false},"author":1,"featured_media":54,"parent":0,"menu_order":0,"comment_status":"closed","ping_status":"closed","template":"","meta":{"footnotes":""},"_links":{"self":[{"href":"https:\/\/viveret.pro\/index.php\/wp-json\/wp\/v2\/pages\/19"}],"collection":[{"href":"https:\/\/viveret.pro\/index.php\/wp-json\/wp\/v2\/pages"}],"about":[{"href":"https:\/\/viveret.pro\/index.php\/wp-json\/wp\/v2\/types\/page"}],"author":[{"embeddable":true,"href":"https:\/\/viveret.pro\/index.php\/wp-json\/wp\/v2\/users\/1"}],"replies":[{"embeddable":true,"href":"https:\/\/viveret.pro\/index.php\/wp-json\/wp\/v2\/comments?post=19"}],"version-history":[{"count":2,"href":"https:\/\/viveret.pro\/index.php\/wp-json\/wp\/v2\/pages\/19\/revisions"}],"predecessor-version":[{"id":62,"href":"https:\/\/viveret.pro\/index.php\/wp-json\/wp\/v2\/pages\/19\/revisions\/62"}],"wp:featuredmedia":[{"embeddable":true,"href":"https:\/\/viveret.pro\/index.php\/wp-json\/wp\/v2\/media\/54"}],"wp:attachment":[{"href":"https:\/\/viveret.pro\/index.php\/wp-json\/wp\/v2\/media?parent=19"}],"curies":[{"name":"wp","href":"https:\/\/api.w.org\/{rel}","templated":true}]}}